- 2*w - 3 + 0*w + 2*w**2. Suppose -d - 178 = -122 - 59. Calculate q(d).
0
Let r(y) = 7224 - 4*y**3 + 3*y**3 + 3*y**3 + 50*y - 7122 - 105*y**2. Calculate r(52).
-2
Suppose 12 = -q - 3*u, 0*q - 8 = 4*q + 2*u. Let y = -42 - -72. Let p(g) = -g**2 + 30*g - y*g + 12. Give p(q).
12
Let q(r) be the first derivative of -r**2 + 16*r - 160. Determine q(12).
-8
Suppose -u + 4*k - 22 = -4*u, 3*u - 3*k - 15 = 0. Let a(o) = 3 - u + 0 + 13*o + 4. Calculate a(-1).
-12
Let l(m) = -640*m + 235. Let r(z) = 73*z - 26. Let q(p) = -4*l(p) - 35*r(p). Give q(8).
10
Let u(o) be the second derivative of 10*o**3/3 + 87*o**2/2 - 1258*o. Calculate u(-4).
7
Let d(u) = 4*u**2 - 16*u - 3. Let m(f) = 17*f**2 - 67*f - 12. Let a(x) = 13*d(x) - 3*m(x). Suppose 5*c - 21 = 2*c. Calculate a(c).
-3
Let b(v) = -7*v**2 + 10*v + 10. Let s(l) = -l**2 + 1. Let p(f) = -b(f) + 6*s(f). Suppose 65*m = 60*m + 50. What is p(m)?
-4
Let a(v) = -9*v**2 - 22*v - 100. Let j(h) = -11*h**2 - 21*h - 119. Let m(d) = -6*a(d) + 5*j(d). What is m(27)?
5
Suppose -2*q - 50 = o - 5*q, -4*o + q = 244. Let f = o + 137. Let g(s) = 0*s**3 + 2*s**3 - 2*s**2 - 74*s - 1 + f*s. What is g(2)?
9
Let r(c) = -c**3 - 5*c**2 + 6*c + 3. Suppose 70 = -33*v + 235. Suppose -5*o = -v*n + 57 - 2, -3*n = -15. Give r(o).
3
Let l(y) = 12*y + 15*y - 48*y + 25*y - 1. Let f = 1 - 0. What is l(f)?
3
Let r(n) = -7*n**3 - 14*n**2 + 9*n. Let z(l) = -6*l**3 - 13*l**2 + 9*l + 1. Let v = -157 - -152. Let g(o) = v*r(o) + 6*z(o). Calculate g(-9).
6
Let f(g) = -63*g + 27*g + 29*g - 4. Let d(l) = -15*l - 7. Let x(c) = 6*d(c) - 13*f(c). Calculate x(-7).
3
Let s(j) = -j**3 - 16*j**2 - 19*j - 59. Let g be s(-15). Let a(n) = -22 - g + 2 + 15 - n. Calculate a(-6).
0
Let x(w) = 2*w**2 - w**2 - 5*w**3 - 32595 + 32594. Let a = 24 + -12. Let s be (-2 + 0)*(-6)/a. What is x(s)?
-5
Let p(k) be the second derivative of 7*k**5/60 + 15*k**2 - 7*k. Let m(l) be the first derivative of p(l). Determine m(1).
7
Let v(m) = -42 - 34 + 3*m + 114 + m**3 - 7*m**2 - 41. Calculate v(6).
-21
Let n(i) = -i**2 - 6*i - 7. Let c = -84 - -83. Let f be ((-9)/4 + c)/(28/(-112)). Let v be (f - 14)*(3 - -2*1). What is n(v)?
-2
Suppose -70*v = -153*v + 415. Let i(d) = -4*d**2 - 7 - d**2 + 2*d - 2*d**3 + 3*d**3. Determine i(v).
3
Suppose -46*n = 263 - 33. Let r(z) = z**2 - 11*z - 78. Give r(n).
2
Let r(h) = 2*h - 395 - h + 384. Suppose 23*d - 180 = 11*d. Give r(d).
4
Let u(z) = -13*z**3 + z**2 - 20*z + 13. Let o(d) = 8*d**3 + 13*d - 9. Let w(x) = -8*o(x) - 5*u(x). Give w(6).
19
Suppose 0 = -t + v - 803, 97*v - 96*v - 4007 = 5*t. Let z = t - -821. Let f(p) = p - 11. Give f(z).
9
Let a(p) = -34*p - 108. Let b be a(-3). Let q(f) be the second derivative of -f**4/12 - f**3 + 4*f**2 + 5*f. What is q(b)?
8
Let s = 6 + -6. Suppose s = 3*h - 6*h + 21. Let z(o) = 36*o - 9*o + 11 - 28*o. Give z(h).
4
Let v = -8 - -11. Let j(r) be the second derivative of -r**3/6 - 3*r**2/2 + 2*r - 2948. What is j(v)?
-6
Let p be (-4)/14*2*154/(-11). Let j(a) = -a**3 + 7*a**2 + 3*a + 48. Determine j(p).
8
Let k(g) = -32 - 13*g + 116 + 12*g - 49. Determine k(17).
18
Let p be (96/32)/(((-2)/2)/5). Let q be (p + 16)*(8 - (1 - 2)). Let d(g) = g**3 - 9*g**2 + g - 12. Calculate d(q).
-3
Suppose -3*r = 6 + 15. Suppose -2*k = -0*k - 2. Let t(v) = -2*v - 1 - 8 + 1 - k. Determine t(r).
5
Suppose -5*y = -2*d - 41 + 1, 2*y = 4*d + 16. Let i(q) be the third derivative of -q**6/120 + 7*q**5/60 + q**4/4 - 5*q**3/6 + 4*q**2. Calculate i(y).
-21
Let f(b) be the second derivative of b**3/6 + 5*b**2 + 54*b. Suppose -36*i - 66 = -30*i. Give f(i).
-1
Let c(o) be the third derivative of o**8/20160 + 11*o**7/5040 - o**6/144 - o**5/4 + 28*o**2. Let m(v) be the third derivative of c(v). Give m(-12).
7
Suppose 4*z + 20 = 4*d, -2*d + 0*z + 10 = 3*z. Let r(p) = -d*p**3 + 4*p**3 + 65*p**2 - p - 67*p**2. Calculate r(-2).
2
Let f(p) = p**2 - 7*p - 1. Let t = 94 - 14. Let k = t - 37. Let x = 49 - k. What is f(x)?
-7
Let i(o) be the second derivative of 7/6*o**3 + 7/24*o**4 - 1/30*o**5 + 27*o + 0*o**2 + 0. Let y(f) be the second derivative of i(f). Determine y(3).
-5
Let b(a) be the third derivative of -a**5/60 + 11*a**4/8 - 27*a**3/2 + 2*a**2 + 9886*a. What is b(29)?
35
Let l(k) be the third derivative of -19/6*k**3 - 27*k**2 + 0 - 1/24*k**4 + 0*k - 1/120*k**5. Let w(q) be the first derivative of l(q). What is w(7)?
-8
Let p(w) be the third derivative of 1/6*w**3 + 0*w + 80*w**2 - 3/8*w**4 + 0. Give p(-1).
10
Let k(r) = 10*r - 318. Let i = -97 - -130. Let t be k(i). Let d(j) = j**3 - 11*j**2 - 9*j + 4. Give d(t).
40
Let i(k) be the first derivative of k**3/3 + k - 1. Suppose 20 = -4*s, 4*s - 4 = 3*z - 9. What is i(z)?
26
Let n(f) be the first derivative of 7*f**2 - 1/3*f**3 - 5*f + 5. Determine n(14).
-5
Let u(m) = 5*m**3 + m**2 + 7 - 7*m**3 + 4*m**2 + m**3 + 4*m. Let q be (-7 + (-1 - 0))*231/(-308). Determine u(q).
-5
Let f(s) = -s**3 + s**2 + 9*s - 2. Let u(n) = -2*n**3 + 3*n**2 + 18*n - 5. Let z(c) = -5*f(c) + 2*u(c). Calculate z(-4).
-12
Let f(p) = 3*p + 10. Let a(r) = -4*r + 12. Let u(t) = -2*a(t) - 4*f(t). Give u(-9).
-28
Let g = -14419 + 14409. Let y(v) = -6*v + 1. Let w(n) = -7*n + 1. Let m(b) = -5*w(b) + 6*y(b). Calculate m(g).
11
Let o(b) be the third derivative of b**6/120 + 3*b**5/20 - b**4/24 - b**3/3 + 229*b**2 + 10*b. Suppose -45 = 3*m + 2*m. Determine o(m).
7
Let q(z) = z**3 + 31*z**2 + 2*z + 54. Let x(h) = 8*h**3 + 19*h**2 - 47*h - 11. Let t be x(-4). Determine q(t).
-8
Suppose 9*y = 5*y + 2*y. Suppose -3*q + 4*o + 20 = 0, y*q + 3*q = 3*o + 15. Let b(i) = i**2 + 3*i - 5. Calculate b(q).
-5
Let g(k) = 23 - 6*k + 89 + 80 + 12 - 29. Let r be g(29). Let u(n) = 9*n**2 + 5*n + 7. Let b(p) = 13*p**2 + 7*p + 10. Let h(i) = 5*b(i) - 7*u(i). Determine h(r).
3
Let m(o) = o**2 + 9*o + 13. Let n be m(-7). Let y(s) be the third derivative of -s**6/120 + s**4/12 + s**3/6 - 140*s**2 + 2*s. Calculate y(n).
0
Let i(n) = n + 37. Let g be 10/625*-5 - (-5 + (-2086)/(-175)). Determine i(g).
30
Let l(d) = -104*d**3 + 2*d - 1. Let z be 0*(-12)/36 - (0 + -1). Calculate l(z).
-103
Suppose -5*y + 3 = -2*o, -68*y + 18 = -70*y + 4*o. Let p(j) = j**3 - 2*j**2 + j + 5. What is p(y)?
17
Let z(j) = -8*j**2 - 59*j + 4. Let n(c) = -3*c**2 - 23*c + 1. Let r(d) = 11*n(d) - 4*z(d). Determine r(-15).
25
Let p(n) = 2*n - 10. Let b(f) = 297*f + 582. Let u be b(-2). What is p(u)?
-34
Suppose -5 + 1 = -c. Let s(r) = 5*r**2 - 2*r + 2. Let d(k) = -11*k**2 + 7*k - 5. Let q(u) = d(u) + 2*s(u). Give q(c).
-5
Suppose -2*o - v - 37 = -3*o, 2*v = -2. Let y = 36 - o. Let j(f) = -3 - f - 3*f + y*f + 2. Calculate j(1).
-5
Let b(k) = -2*k**3 + 22*k**2 - 1. Let o be (-102)/238 + 0 + (-80)/(-7). Give b(o).
-1
Let p(g) = -g**3 - 2*g**2 + 1. Let q(r) = 2*r**3 + 4*r**2 + 4*r + 1. Let h = 131 + -130. Let f(k) = h*q(k) + p(k). What is f(-2)?
-6
Let m(b) be the second derivative of -11/2*b**2 - 1/3*b**3 - 265*b + 0 - 1/20*b**5 - 11/12*b**4. Calculate m(-11).
11
Let y(c) = c**3 - 7*c**2 + 7*c + 5. Let q be 2*(-5)/((-1)/(4/8)). Let k be -1*(5 - q/((-10)/(-22))). Give y(k).
11
Let x(w) = w**3 - 7*w**2 - 32*w + 11. Suppose 4*c + 402 = 442. Determine x(c).
-9
Let k(h) = 127*h**2 - 123*h**2 + 4 - 4 - h. Let t(m) = m - 1. Let w be t(1). Suppose -2*q = -r + 2 + 3, 5*r - 15 = w. Determine k(q).
5
Let w(v) = -9*v + 31. Let p be (24/8 - 3) + (5 - -1). Let z(c) = 7 + c - 5 + 14 - p*c. Let l(b) = 6*w(b) - 11*z(b). Calculate l(-9).
1
Let b(i) = 15*i - 3*i**2 - 3*i**2 - i**3 - i**2 + 5*i**2 + 4. Suppose 157*p - 159*p = -3*f + 46, -2*f = 5*p + 1. Determine b(p).
4
Suppose -5 = 4*y + 3. Let v(d) = 5*d + 1. Let i be v(y). Let u(o) be the third derivative of -o**4/24 - 8*o**2 - 24*o. Determine u(i).
9
Let l(c) be the third derivative of -c**4/12 + 11*c**3/6 + 7*c**2 - 159*c. Calculate l(8).
-5
Let f(w) = 12*w. Let i(r) be the second derivative of 5*r**3/6 - 99*r**2/2 + 158*r. Let c be i(20). Determine f(c).
12
Let h(p) = -p**3 + 9*p**2 + 9*p + 8. Let r(v) = 2*v**2 + 45*v - 9. Let f be r(-23). Suppose 2*y = 2*o + f, 3*o - 27 - 2 = -2*y. Give h(y).
-2
Let q(p) = -56*p + 395. Let h be q(7). Let i(n) = 2*n**2 - 2 - 16*n**3 - 4*n**h + n + 23*n**3. Calculate i(1).
4
Let b be ((-2)/(-4))/((-39)/36 - (-2 - -1)). Let x(a) = 5*a + 35. Determine x(b).
5
Let z(l) = -30*l**3 + 3*l**2 + 10. Let r(o) = -23*o**3 + 4